
What is the value of (1 - -38) + 13 + 9 + (-14 - 12)?
35
Evaluate -13 + ((9 - 34) + -1 - -35).
-4
Evaluate 0 + 4 - ((-5 - 17 - (77 - 93)) + 132).
-122
What is -7 - -19 - 3 - (56 + -37)?
-10
Evaluate (-58 - -59) + 0 + -11 + -23 - -12.
-21
What is the value of (-16 - 4) + -874 + 844?
-50
What is (2598 - 2673) + (-2 - -96)?
19
Evaluate (8 - 23) + (-5 - (-19 - -13)).
-14
207 + -217 - (4 + -104 + 13)
77
Evaluate -50 - -62 - (13 + 0 + 1 + 0).
-2
Calculate 8 - -44 - 42 - (-11 - 3).
24
Evaluate 20 - (-29 + -7 + 13) - (2 - 0).
41
What is the value of -6 + 6 - (-15 + 7 + 10 + (10 - 2))?
-10
Calculate (-17 + 10 - -15) + (-5 - 10).
-7
What is (96 - 43) + (-18 - 28)?
7
Evaluate 3 + -12 + -29 + (102 + -110 - (1 - -5)).
-52
Calculate 38 + (-50 - (-2 - 50)).
40
Evaluate (7 + 0 - (-70 - -71)) + (0 - 5 - -7).
8
(1 - 1) + 16 + 143306 + -143376
-54
Calculate -5 + 1 + (-1 - -1) - (-28 - -61 - 24).
-13
What is (129 - 31) + -20 - 43?
35
What is 10 - (-3 - -40) - (-137 - -58)?
52
-31 + 29 - (11 + -14 - -11)
-10
Evaluate (20 - -9) + (0 - 10 - -16) + (11 - 5).
41
Calculate 24 + (-24 - 8) + 22 - -6.
20
Calculate (-43 - -35) + -4 - (-3 + -42) - 4.
29
What is (-7 - (29 + -5)) + (-9 - (-28 - -11))?
-23
What is the value of 12 + (-121 - 20) - (-9 + 10 + 7 + -17)?
-120
Evaluate (-33 - (-69 + 26)) + (-2 - -28).
36
(-32 - (26 - 118) - 16) + 0 + -14
30
Calculate (-18 - 12 - 12) + (-1 - -35).
-8
What is the value of 1 - -15 - -3 - (19 + -14 + 91)?
-77
Evaluate -1 - 5 - (10 - (-19 + 32 - -2)).
-1
Evaluate 46 + -2 - (43 + (51 - 18) + -68).
36
-2 + 20 + -644 + 638 - (-6 + 2 - -3)
13
What is the value of 6 - (-32 - (-8 + 14 + (3 - 9) + -5))?
33
What is 61 + -67 + 13 - -75?
82
What is 1 + -2 - 2 - (6853 + -6875)?
19
What is 8 + 18 - (-6 + -22 - 5)?
59
Evaluate -5 + -4 + -7 - (49 - 27).
-38
Calculate -19 + -3 - (23 - (1 - 7) - 10).
-41
Evaluate (24 + -19 - 0) + (1 - -4) + 20 + -11.
19
What is 1 - -19 - (-100 + (145 - 68))?
43
Evaluate (-16 + 14 - 30) + 0 + 0 + -1.
-33
Calculate (8 - 4) + -4 - (60 + -4 + -4).
-52
Evaluate -4 - 1 - ((-46 - (3 + -28)) + 18).
-2
Calculate 48 + -45 - (18 + -18 + 10).
-7
What is the value of (-2 + 3 - -11) + (-26 - -25) - 30?
-19
Calculate (6 - (4 - (9 + -16))) + 10 - (-9 + -11).
25
(-4 - -2) + 52 + (41 - (-53 - -99))
45
Evaluate -67 - (-31 + -41) - ((-45 - -5) + 5).
40
Evaluate -14 + 2 - (-7 - -2) - ((4 - -48) + -13).
-46
What is the value of 81 - (29 + -5 + -26)?
83
Calculate -13 - -6 - (77 - 10 - 12 - 8).
-54
Evaluate -60 + -23 + 36 + 34.
-13
Calculate -3 + 62 + 61 + -183.
-63
Evaluate 36 - 2 - (7 + -1 - -4).
24
What is 112 + -128 + (3 - 17) + 42?
12
Calculate (95 - 19) + -6 + 13 + -7 + -7.
69
Evaluate 63 + (8 - ((1 - -8) + (124 - 134)) - -4).
76
Evaluate 17 + -19 + (9 - (-6 + (-2 - -8))).
7
What is the value of -20 + 354 + -353 + -2 + (118 - -2)?
99
Calculate -7 + (-3 - 37) + 151 + (-6 - 7 - -2).
93
Evaluate -17 + 19 + 13 + -5 - 26.
-16
Evaluate -24 + (-174 - -162) + 6 + -1 + -3.
-34
11 - ((158 - 45) + -20) - (-17 - 0)
-65
6 + -3 - ((19 - -2) + -26 + 16)
-8
Evaluate -4 - (0 + 0) - (21 - 54).
29
1 + (-13 + -4 - -19) + -14
-11
Calculate -146 + 1 + -94 + 136.
-103
Calculate -101 - (46 - (71 + -28) - (6 - -2)).
-96
-11 - (15 + (-18 - 8) + -14)
14
Evaluate -7525 + 7601 + (1 - 16).
61
Evaluate -24 + 0 - -57 - (10 + (-3 - -1)).
25
Calculate -14 - ((-7 - 38) + 30).
1
Calculate 6 - (-16 + (10 - 6) - (-70 + (-3 - -2))).
-53
Calculate -24 + (-51 - -20) - (-2 - ((-4 - -2) + 4)).
-51
Calculate 36 + -35 + -23 - -3.
-19
Evaluate -47 + 35 + -65 - -50.
-27
Calculate (-2 - -9) + -15 + 2 + -4 + 11.
1
Evaluate (0 - -46) + 17 + (313 - 311) + -20 + -1.
44
Evaluate 38 + (-48 - (16 + 28)).
-54
Evaluate -9 - 41 - (-166 + 133).
-17
What is -104 + (232 - 77) - 120?
-69
Calculate 38 + 30 + -133 - -146.
81
Evaluate -170 + (-1 - -14) + 92.
-65
What is (2 - -17) + (21 - (-14 + -7 + 15 - -33))?
13
34 + 4 + 9 + (4 - ((-2 - 7) + 14))
46
3 + 3 + -10 + -8 + 155 + -100
43
Evaluate -28 - (-45 - -48) - -41.
10
What is the value of (-121 - -144) + -8 + -61?
-46
Evaluate 67 - (-17 - (-7 + (-17 - (-2 + -4)))).
66
(17 - (-34 + 58)) + 7 + 2 + -2 - 13
-13
-41 - (7 + (-26 - 2) + -5)
-15
What is the value of 2 - -13 - (163 - 71)?
-77
What is -98 + 0 - (32 + (10 - (18 + 18)))?
-104
-11 - -9 - (14 - 43)
27
What is the value of 35 + -54 + 31 - (-1 - -27)?
-14
What is 51 - 40 - (3 - 3) - (-9 + -5)?
25
What is -21 + 10 + (-37 - -26 - -17)?
-5
Evaluate -11 - -13 - 15 - -11 - (-50 + 41).
7
What is the value of 71 - -2 - (395 - 339)?
17
What is the value of (0 - (30 + 6 - 30)) + -128 + -1?
-135
Calculate -27 + -37 - -32 - -53.
21
Calculate -74 - -30 - (-10 - 9) - -18.
-7
Calculate 0 - (0 + 2) - (5853 - 5785).
-70
Calculate (-21 - (-61 - -116)) + 9.
-67
Calculate -73 + 1 - ((50 - 44 - 38) + 17).
-57
Evaluate (-28 - -16) + (7 - -5) - (2 + -9).
7
What is the value of 974 + -969 + (3 + -11 - 1) + (0 - -66)?
62
20 - 15 - (2 - -3) - -40
40
What is the value of (36 - -25 - 22 - 1) + -90?
-52
Calculate 5 + (-59 - (9 - ((-8 - -6) + -6 - -8))).
-63
What is the value of -226 + 186 - (62 - 7 - -11)?
-106
What is 69 - (-19 - (13 + -40) - 4)?
65
What is the value of -3188 - -3206 - (-2 - (-58 - 3))?
-41
What is the value of -10 - -1 - (27 + 9 - 22) - -7?
-16
Evaluate (-8 - (20 - 24)) + (-46 - 1).
-51
What is -113 + (104 - (-34 + 88))?
-63
What is -2 - -3 - 8 - (-203 + (79 - -1))?
116
Calculate 2 + 11 - (-49 + (22 - -36)) - -69.
73
6 + (-11 - 8) + (-21 - 66)
-100
What is 27 - -1 - 0 - (-37 - 41 - -69)?
37
Calculate (-35 - (3 - 21)) + (8 - (9 - -3)).
-21
-111 + (-61 - -25 - (-59 + 2))
-90
What is 8 + -12 + 11 - -8 - -21?
36
What is 49 + 96 + -141 + -44 + -1?
-41
What is the value of 17 - (-111 + 110 - (-3 - (-3 + 1)))?
17
Evaluate -7 + (-11 - ((-2 - -2 - 45) + -2 + -11)).
40
Calculate -8 + 5 + (0 - 8) + (-22 - -2).
-31
What is (2 - -2) + (8 - 0) + 326 + -354 + -13?
-29
What is the value of -58 + (4 - (5 - (-3 - -20)))?
-42
(-4 - -3) + (2 + 16 - 12) - (3 + -45)
47
Calculate 82 - (0 + 28 + 24 + -19 + -23).
72
Calculate -82 + 54 + (-4 - -47).
15
What is 17 + -3 - (29 + (-9 - 19) + 76)?
-63
Calculate -1 + -62 + (4 - -1) + 1 + -8 + 7.
-58
What is -7 - (-25 - -57 - 57)?
18
What is (5 - 22 - (20 - 45)) + (-5 - (-3 + -72))?
78
What is 4 - (35 - -14) - -77?
32
Calculate (46 - 85 - 31) + 21.
-49
Evaluate -70 + 1 - ((-44 - -1) + 35).
-61
What is the value of -13 + 9 + 10 + -39 - (15 + -36 + 17)?
-29
-37 - 41 - -22 - -15
-41
-60 - (16 + -12 + (-13 - -1) + 9)
-61
What is 14 + -21 - (-7 + -6 + (-20 - -20))?
6
-39 - (-66 + (-66 - -88))
5
What is (27 - -29) + -42 - (71 - 41)?
-16
Calculate 57 + -2 + -137 + 106.
24
What is the value of (17 - (42 - 21)) + 13?
9
Evaluate -93 - -57 - (17 + -11 + 1 + 0).
-43
What is (-28 - 2) + -14 - ((-3 - (-3 + -4)) + 2)?
-50
What is 6 - (-13 + 1 + -33 - 13) - 13?
51
What is (16 - (15 - -11)) + 2 + (0 - -57)?
49
Calculate 14 + -18 + (-39 - (-38 + 18)).
-23
What is -10 - ((-5 - -60) + -58)?
-7
What is the value of 28 + 2 + -27 + -5 + -11 + 0?
-13
Evaluate -9 + -12 + -32 + 15 + 11 + -1.
-28
Evaluate 39 + 23 - (81 - 62).
43
Calculate -3 + -2 + -48 - (19 - 0 - (518 + -507)).
-61
What is the value of -93 - (-185 + 66) - -54?
80
Calculate 33 - (107 + -51) - (2 - 59).
34
What is the value of 67 - (50 - 128 - -147)?
-2
What is (-7 - 10 - -24) + (-12 - -10) + -28?
-23
Calculate -142 + (-52 - -158 - 31).
-67
Evaluate -92 + (0 + 12 - (-1145 + 1176)).
-111
Evaluate 516 - 468 - (-2 + -1 + 20).
31
What is 97 + (-19 - (-9 + 20)) + (1 - (-1 - 1))?
70
What is (4 - -5) + (-9 - -15) + -2 + -4 + -124?
-115
Calculate 1480 - 1522 - (-1 + 2 + -11).
-32
What is -124 - -4 - -4 - ((-73 - -73) + 16)?
-132
What is (-11 - 1) + (-62 - -39 - -21)?
-14
Calculate 2 + 2 + -18 + 13 + (-24 - -84).
59
What is (-22 - ((39 - 78) + 24)) + 80 + -2?
71
1 - ((-5 - -15) + 43 + (-30 - -17))
-39
Evaluate (-49 + -3 - (-29 + 52)) + 15.
-60
What is the value of -117 + (-38 + 22 + 70 - 24)?
-87
Calculate -71 - (-10 + (-1 + -29 + 32 - (-8 - 0))).
-71
Calculate -1 + 5 + 140 + -151 - (32 - -1).
-40
What is 34 + -6 + (39 - 64 - -26)?
29
What is (-44083 - -44092) + 23 + (-1 - -2)?
33
Evaluate 12 + -4 - -6 - (26 - 70 - -28).
30
What is 108 + (-13 - -4) - (17 + -23)?
105
What is the value of 2 + -6 + 13 - (24 + -4 + -12) - 25?
-24
What is 2 + -16 + -19 + 50?